me factors of b(-40).
5, 457
Let v be 3/2*(-374)/(-33). List the prime factors of (v - 12)/((-1)/(-1)).
5
Suppose 0 = 3*t - p + 1, t - 5*p = -2*t - 17. Let c(z) be the second derivative of 19*z**5/20 - z**3/3 + z**2/2 + 30*z. What are the prime factors of c(t)?
2, 3
Let v be 25 - (-3 + 2 + 0). Let y be v + (-3*2)/(-2). Suppose -6*j = -j + 2*f - y, -4*j + 31 = -f. What are the prime factors of j?
7
What are the prime factors of (-16085)/(-25) - (-8 - (-185)/25)?
2, 7, 23
Let t(k) = -k**3 - 6*k**2 - 5. Let c be t(-6). Let h be -2 + 11 + 2/(-2). Let y = c + h. List the prime factors of y.
3
Let r = 12 + -12. Suppose 4*k - 49 - 11 = r. Suppose 2*l - 5 = k. What are the prime factors of l?
2, 5
Let l = 0 - 1. Let z(h) = 3*h - 14. Let y be z(6). What are the prime factors of l/y - (-106)/8?
13
Let k(l) be the first derivative of 4*l**3/3 + 2*l**2 + 3*l - 9. What are the prime factors of k(3)?
3, 17
Suppose 4*s = -s + 2160. List the prime factors of s.
2, 3
Let f(j) = j - 8. Let y be f(6). Let l be (y/(-8))/((-1)/(-12)). Suppose 3*i = r + 133, -137 = -l*i + 6*r - r. What are the prime factors of i?
2, 11
Let h be (45/(-12))/(1/(-136)). Suppose -t = 5*r - 486, 5*r - 6*t = -t + h. List the prime factors of r.
2, 7
Let s(k) = 509*k - 88. List the prime factors of s(5).
3, 7, 13
Let r be 20/6*(-27)/(-18). Suppose -r*p = -2*g - 13, -8 = 2*g - g - 2*p. Let i = 43 + g. What are the prime factors of i?
29
Suppose 3*m - 5580 = -15*m. List the prime factors of m.
2, 5, 31
Suppose m + 3*u + 0 + 32 = 0, 0 = -3*m + u - 86. Let q be -38 - (2/2 - 3). Let o = m - q. List the prime factors of o.
7
Let q(s) = 2*s**2 + 5*s - 10. Let d(x) = -5*x**2 + 21 - 11*x - 4*x**2 + 2*x**2 + 3*x**2. Let g(f) = 3*d(f) + 7*q(f). List the prime factors of g(3).
17
Suppose 0 = -5*f - 4*f + 9846. List the prime factors of f.
2, 547
Let y(u) = -41*u + 6. Let h be y(-5). Suppose 3*l = -4*j + 118, 2*j + 3*j + l = 142. Suppose 0 = 4*i + 3*f - h, -72 = -i + f - j. List the prime factors of i.
7
Let c(i) = -2 - 3*i + 9*i - 6*i**2 - 7*i. Let n be c(-1). What are the prime factors of (-15)/35 + (-199)/n?
2, 7
Suppose 5*v - 6*m + 60 = -m, -2*v - 20 = -4*m. Let p = -10 - v. What are the prime factors of 1/(p/240*4)?
3, 5
Suppose -g = -3*l - 39, 0 = -4*l - 7 - 9. Suppose -3*b + 6*b = g. Suppose 0 = n + 3*p + b, 2*p + 16 = 2*n - 6. What are the prime factors of n?
2, 3
Suppose 0 = a - m - 520, 5*a - 6*m - 2291 = 310. What are the prime factors of a?
3, 173
Let c be ((-5376)/70)/((-3)/10). Suppose -q - 419 = -4*z + 86, -2*z + 4*q + c = 0. List the prime factors of z.
2, 3, 7
Let p = 6 - 1. Let v = 80 + -77. Suppose -v = p*n - 383. List the prime factors of n.
2, 19
Let t be -1 + 2 + -3 + (-2)/1. List the prime factors of (16 + t/(-2))*(-56)/(-16).
3, 7
Let j be 2 + 5/10*(-2428)/(-2). Suppose 9*y = 3048 - j. What are the prime factors of y?
271
Let j(i) = -50*i + 272. List the prime factors of j(-18).
2, 293
Let s(p) = 31*p + 3304. List the prime factors of s(0).
2, 7, 59
Suppose 13*o = 15*o - 1724. List the prime factors of o.
2, 431
Let l(t) = 2*t**2 + 69*t + 405. List the prime factors of l(-39).
2, 3, 7
What are the prime factors of 2650/14 + 6 + (-176)/28?
3, 7
Suppose n - 23 = -5*x, 1 = n + 4*x - 18. Suppose -n*u - 77 = -197. List the prime factors of u.
2, 5
Let j(a) = a**2 + a - 11. Let l be j(-5). Let r = 53 + l. What are the prime factors of r?
2, 31
Suppose 2*w + 0*w = 4. Suppose -2*r + w = -r. What are the prime factors of r*((-27)/(-2) + -1)?
5
Let d(h) = 2*h**2 + 6*h + 1. Suppose -3*n + n = 10. What are the prime factors of d(n)?
3, 7
Suppose -2*s + 5*l = -1618, 0 = 3*s + s - 4*l - 3224. What are the prime factors of s?
2, 3, 67
Suppose -3*h + 2*p - 1420 = -7*h, -p - 1775 = -5*h. What are the prime factors of h?
5, 71
Suppose 18 = 5*q - 12. Suppose x - 4*s + q = 0, 3*s = 3*x + 2*x - 21. List the prime factors of x.
2, 3
Suppose 3*p - 2 = 10. Suppose -5*m + 4*n + 38 = 0, 4*m + p*n = -0*m + 52. List the prime factors of m.
2, 5
Let c = 388 + -247. List the prime factors of c.
3, 47
Let i = 11992 + -8500. List the prime factors of i.
2, 3, 97
Suppose 0 = -4*y + 4*j - 5*j + 11, y = 3*j + 19. Suppose u = -5*i + 640, 141 + 395 = 4*i - y*u. List the prime factors of i.
3, 43
Suppose -74*q = -78*q + 7840. List the prime factors of q.
2, 5, 7
Let s = 0 + 4. Let o(n) = 11 + 2 + 9*n + 5 - 12 + 9. What are the prime factors of o(s)?
3, 17
Let w = -846 + 251. Let r = w + 1252. What are the prime factors of 1/4 + r/12?
5, 11
Let m(f) = -65*f + 7. Let r(j) = -32*j + 3. Let p(k) = -2*m(k) + 5*r(k). What are the prime factors of p(-1)?
31
Let i = 5 + 345. List the prime factors of i.
2, 5, 7
Suppose 18*z - 245 = 8845. What are the prime factors of z?
5, 101
Suppose 153 = 4*d - 35. Let m = d + -96. Let i = -24 - m. List the prime factors of i.
5
Let s(c) = c**3 + 32*c**2 + 10*c + 387. What are the prime factors of s(-22)?
3, 1669
Suppose -q - 2*y = -77, q + 3*y = 2*q - 72. Let j = q - 51. What are the prime factors of j?
2, 3
Suppose 2*p - 8118 = -5*y, -2*p = -0*y - 2*y - 8132. List the prime factors of p.
2, 127
Let j = -11 - -6. What are the prime factors of (-4074)/(-70) - (-1)/j?
2, 29
Suppose 0 = 4*w - 1445 - 339. List the prime factors of w.
2, 223
Let d be 15 - 0 - 5*6/15. Suppose -d*v + 432 = -7*v. What are the prime factors of v?
2, 3
Let y(p) = 31*p**3 - 2*p**2 + 1. Let l be ((-6)/(-9))/(2/(-3)). Let b be y(l). Let q = -2 - b. List the prime factors of q.
2, 3, 5
Suppose -293 = -3*n + 40. List the prime factors of n.
3, 37
Suppose -5*c = -4*r - 191, 4*r + 0*r = -4*c - 164. What are the prime factors of r/(-3 + 20/7)?
2, 7, 11
What are the prime factors of ((-14)/(-6))/(1 - (-3216)/(-3222))?
7, 179
Let k be (2/(-4))/(2/8). List the prime factors of (16/(-6))/(k*(-3)/(-216)).
2, 3
Suppose 4*s - 2042 = -6162. What are the prime factors of 2/(-3) - s/6?
3, 19
Let s = 3682 + -2564. What are the prime factors of s?
2, 13, 43
Suppose -2*g - 286 = -2*n, 349 = -2*g + 5*n + 69. Let b = g - -252. List the prime factors of b.
107
Suppose 5437 = 10*z - 5183. What are the prime factors of z?
2, 3, 59
Suppose 4*m + 0*m - 20 = 0. Suppose 11*g = 9*g. Suppose -m*a + 223 - 68 = g. List the prime factors of a.
31
Let l(t) = 11*t**2 - 9*t - 28 - 2*t + 22 + t**3. Let a be l(-11). Let b = a - 50. List the prime factors of b.
5, 13
Suppose -5*z - 9 = 3*l, 2*l - 3*z + 1 - 14 = 0. Suppose 2*g + 212 = -l*g. Let a = -35 - g. What are the prime factors of a?
2, 3
Suppose -2*z - 224 = 2*z. Let v = 330 + -362. Let h = v - z. What are the prime factors of h?
2, 3
Let a = -54 + 32. Let z = a + 14. What are the prime factors of (z/10)/(4/(-190))?
2, 19
Let n(q) = -5*q + 12. Let f be (3/2)/(21/112). Let o be n(f). Let u = o + 54. List the prime factors of u.
2, 13
What are the prime factors of 10/25 - 108/30*-311?
2, 5, 7
Let v = -3206 - -4749. What are the prime factors of v?
1543
Suppose m = 5*r + 8, 2*m = -0*m + 4*r + 28. Let j = m + -8. What are the prime factors of j?
2, 5
Let u(c) = c**2 + c + 52. Let g = 45 + -45. What are the prime factors of u(g)?
2, 13
Let r = 43 + -42. List the prime factors of 70/(2 - -3) + r.
3, 5
Suppose -9*z + 12*z = 387. Let v = z + -82. List the prime factors of v.
47
Suppose 0 = 3*w + k - 425, -w + 103 + 40 = k. What are the prime factors of w?
3, 47
Let x(j) = j**2 - j + 1. Let n be 8/(-2) + (0 - -2). Let t(f) = -f**3 + f**2 - f + 15. Let m(q) = n*x(q) + t(q). What are the prime factors of m(0)?
13
Let d(b) = 14*b**3 - 4*b**2 + 2*b + 8. What are the prime factors of d(4)?
2, 53
Let j = 609 + -513. List the prime factors of j.
2, 3
Let p = -1795 - -4610. List the prime factors of p.
5, 563
Let h = -31 - -67. Suppose -d + 131 + h = 0. List the prime factors of d.
167
Let u = -336 + 1078. List the prime factors of u.
2, 7, 53
Suppose -4*z = -3*z - 190. Suppose j - 5*a - z = 0, 22 = -5*j + 3*a + 906. What are the prime factors of j?
5, 7
Let z = 370 + 102. What are the prime factors of z?
2, 59
Suppose 0 = 5*w - 9*w, -4*w = -3*m + 915. Suppose -7*q + 3*a = -2*q - 32, 4*a + 20 = q. Suppose -q*t = t - m. What are the prime factors of t?
61
Let t(z) = -z. Suppose 3*m = -h - m - 4, -12 = 3*h - 5*m. Let w be t(h). Suppose -5*r + 213 = 4*l, w*r - 3*l = -l + 160. What are the prime factors of r?
41
